-6 + 0)) - 0?
1
What is the value of 4 + (-3 - -7 - 15)?
-7
(-17 - -15 - (2 + 0)) + 6
2
3 - (2 + -3) - 6
-2
What is the value of 0 + 1 - (-47 - -50)?
-2
-2 - (3 + -1 + 0)
-4
(-2 - -4 - (-2 + 7)) + 2
-1
Calculate -1 + 8 + -4 - (0 + 7).
-4
What is (11 - 4 - 0) + -4?
3
Evaluate 3 + (2 - -1 - 6).
0
What is -1 + 0 + 0 + -1 + -2?
-4
Calculate (9 - 8) + -1 + (3 - -1).
4
What is the value of (-40 - -34) + 1 + -2?
-7
Calculate 15 + -30 + 21 + (1 - -1).
8
Calculate -2 + -7 + -27 + 35.
-1
What is 0 + (0 - -1 - 2) - -1?
0
What is -18 + -6 + 3 + 12 - -1?
-8
What is -1 - (3 + -2 - (2 + -1))?
-1
What is -15 + -2 - (88 + -96)?
-9
What is (1 - -6 - 7) + (5 - 5)?
0
Evaluate -3 + -1 + (1 - (-8 - -4)).
1
Calculate 2 - (1 + 6 + -10 + 4).
1
What is 1 + -1 - (8 - 12)?
4
5 - (-5 - (2 + -18 + 0))
-6
-2 + -7 + 5 - -9 - 0
5
Evaluate -4 - -3 - (-1 - (-3 + 0)).
-3
What is the value of 3 + 1 + (-4 - -1)?
1
What is the value of -4 + (-3 - -5) + -2 + 6?
2
Evaluate (2 - 1 - 0) + 18 + -24.
-5
What is (2 - 6) + (-4 - -5)?
-3
Evaluate (5 - 2) + -4 - -8.
7
What is the value of -4 + -5 + 2 + 8?
1
Calculate 20 - 31 - (-9 + 0).
-2
What is -9 + 4 + 15 - 7?
3
(1 - -3) + 1 + 1
6
Calculate 12 + (-5 - -7) + -8.
6
Evaluate 8 + 0 + (3 - 5) + -1.
5
What is -3 + -5 + -5 + 13 + -3?
-3
What is the value of 2 + -2 + (1 - -3)?
4
What is 1 + 14 + 48 + -58?
5
-13 - -10 - (-2 - 1)
0
What is 1 + (2 - 1) + (-11 - -15)?
6
-5 + 0 + -5 + 5
-5
Calculate 1 + -2 + (-3 - (-4 - -1)).
-1
What is 2 + 2 - ((-4 - -2) + 10)?
-4
Calculate -1 + 0 + -2 + 65 + -63.
-1
6 - (1 + -5 + -3 + 10)
3
What is -22 - -17 - (-1 + (0 - -2))?
-6
What is the value of 0 - -9 - (-3 + (9 - 4))?
7
What is the value of (11 + 0 - 8) + -8?
-5
Evaluate (6 - -1) + (-11 - 4 - -15).
7
(-2 - -1) + -1 - (0 - 7)
5
-19 - -12 - (1 + -6)
-2
What is 1 - ((6 - 3) + (-3 - 3))?
4
Evaluate 28 + -21 - (-1 + 6).
2
Evaluate (2 - 2 - (2 + -5)) + 2.
5
(-3 - -6 - 1) + -11 + 15
6
-3 + (4 - 9) + (-1 - -3)
-6
4 - (9 - (2 + 2))
-1
What is the value of -6 - (1 - 5 - 0)?
-2
Calculate -1 - ((-2 - -5) + -4 - -3).
-3
What is 1 + 0 + (1 + 3 - 4)?
1
Calculate 12 - 14 - (0 - -1 - 6).
3
What is the value of -2 + (-3 - (7 - 15)) - 0?
3
What is the value of 7 - 11 - (3 - 3)?
-4
What is -2 + 0 + 3 + -2 - 4?
-5
(5 - 18) + (4 - -3)
-6
What is 27 + -23 - (-1 - (1 - 4))?
2
What is the value of -1 - -8 - (-16 - -18)?
5
3 + 1 + (-31 - -35)
8
-16 - (-6 + (0 - 0))
-10
What is -7 + 0 + 20 + -15?
-2
Evaluate -6 + 17 - 5 - 11 - -4.
-1
Calculate -1 + -3 + 5 - 1 - 0.
0
(1 + 0 - (7 - 8)) + 1
3
Calculate -8 + (14 - (-6 + 10)).
2
3 - (5 - (4 - 2)) - 3
-3
11 - 20 - (-7 + -5)
3
(-6 - -2) + 4 + 2
2
Calculate 2 + -1 + (-3 - -8).
6
What is 1 - 0 - ((5 - 18) + 6)?
8
(-2 - -1) + 0 + 4 + -3
0
Calculate -3 + 2 + (-3 - (-4 - 4)).
4
What is (4 - 8) + (-2 - -2) + -2?
-6
-4 - ((-2 - 0) + 0)
-2
Calculate -9 + 1 - (1 - (-6 - -8)).
-7
What is -9 + 7 + -17 + 26?
7
What is the value of (-3 - (7 - 6)) + (3 - -8)?
7
Calculate 6 - -5 - (0 - -5) - 3.
3
Calculate -4 + (4 - (-16 + 1)) + -8.
7
What is -1 + -12 - (5 - (1 + 8))?
-9
Evaluate -1 + -1 + (4 + -7 - -10).
5
1 + (-3 - 2) + 7 - 2
1
-11 + 2 - -3 - (-5 + 1)
-2
What is -24 - -23 - (-10 + 0) - 8?
1
What is the value of 4 - (-11 - (1 - 21))?
-5
Evaluate 18 + -15 + (-1 - -1) - -6.
9
-1 + (-4 - (4 - 9))
0
What is 6 - (-2 + 1 - (1 - 2))?
6
3 - (9 - 1) - (25 - 21)
-9
What is -6 - -2 - (5 - 6)?
-3
Evaluate (0 - 3) + (-3 - -10) + 5.
9
-9 + (-3 - (-2 - 6))
-4
Evaluate -13 - (0 - 5) - (-6 - -3).
-5
0 - 4 - (-4 - -3) - -5
2
What is the value of -10 - -15 - 5 - (-1 + 1)?
0
0 + -3 + (4 + 0 - 5)
-4
What is the value of (2 + 2 - 0) + (-12 - -6)?
-2
What is -3 + (0 - -1) + (-3 - 1)?
-6
Calculate -3 + -8 + 4 + 3.
-4
What is the value of -4 - (4 - 11) - (-1 + -1)?
5
(-3 - -3) + -3 + 5
2
Evaluate (-9 - 0) + (-106 - -112).
-3
Evaluate 0 + (-9 - (-3 - (7 + -4))).
-3
What is (4 - (9 + -15)) + -11?
-1
What is -2 + (4 - 6) + -5 + 6?
-3
What is the value of 3 + 1 + 2 + (-4 - 0)?
2
Evaluate -3 - (3 + -9 + (11 - 3)).
-5
Evaluate 5 - 1 - (3 - 1 - 3).
5
Calculate (12 + -7 - 1) + -5.
-1
Calculate -2 + 15 + (4 - 11).
6
Calculate 23 + -22 - (0 + 1).
0
What is (3 - (0 + 3)) + (9 - 5)?
4
4 + (-15 - -6) - (1 + -13)
7
Evaluate (-2 - (8 + -4) - -2) + 2.
-2
0 + -3 + 1 - (9 + -6)
-5
Calculate 1 + -8 + 9 - 11.
-9
(3 - 6) + 0 + 0 - -1
-2
Evaluate (11 - 5) + (-11 - 4).
-9
Calculate (-7 - -6 - 5) + 2.
-4
Calculate 5 - -1 - (-33 - -18 - -13).
8
Calculate (5 - 3 - -1) + (-1 - 3).
-1
-1 + (-1 - 5 - -12)
5
-7 + 7 + 0 + -12 + 12
0
What is the value of -5 + 7 + -5 + 3?
0
Calculate -11 - 0 - (-14 + (25 - 17)).
-5
Evaluate (12 - (12 - 9)) + -5.
4
-3 + 3 - (-3 + 5 + -7)
5
-13 + (6 - -2 - 1)
-6
Evaluate -3 + -1 + 0 + 1 - -2.
-1
Evaluate 7 + (18 - 24) + 0 + 0.
1
Calculate (2 - 12) + 7 + 5.
2
Calculate (32 - 25) + (-14 - (0 - 2)).
-5
What is 1 + -1 - (5 - 5 - 0)?
0
Calculate 14 - 16 - (-3 - -9).
-8
Calculate 3 + -6 + 2 + 6 + -1.
4
(0 + -4 - (5 + -5)) + 4
0
What is the value of (27 - 25) + (-8 + -1 - -2)?
-5
What is the value of -2 + 5 - (-7 - (-6 - 0))?
4
Calculate -6 - (-3 + -2 + 3).
-4
-3 + (1 - -6 - 7)
-3
Calculate (0 - -1) + (5 - (5 + 4)).
-3
Calculate 14 - 8 - (6 + 2).
-2
0 - (-3 - -8 - 10 - -7)
-2
What is -2 + 1 + 6 - (24 - 12)?
-7
What is 5 + (0 - 2) + -24 + 20?
-1
Evaluate 3 + 0 + -2 - (16 + -10).
-5
What is (5 - (7 + -4) - 1) + 1?
2
What is -4 - (8 - (20 - 11))?
-3
What is -2 - (-2 - -3) - (-4 + 5)?
-4
What is the value of -2 + -6 + (3 - 1) + 1?
-5
What is the value of -2 - 0 - (-2 - -6 - -2)?
-8
What is the value of (3 - (4 - 3)) + -3 + -5?
-6
-6 - (-5 - 1 - -6)
-6
What is ((8 - 0) + -3 - -5) + -4?
6
-4 - ((3 - 4) + -2)
-1
4 - (3 + (-2 - -2)) - -1
2
(0 - (9 + -13)) + (-14 - -1)
-9
-13 - (-21 + 24 + (-12 - -1))
-5
What is the value of -2 + (-5 - -2) + 6?
1
What is -2 + 2 - (-3 + (-2 - -4))?
1
What is -17 + 23 - (2 - (1 + 0))?
5
What is -4 + 3 + -3 + 7 - 2?
1
What is (2 - (-7 - -11)) + -4?
-6
Evaluate (-1 - -2) + 2 - (155 - 150).
-2
6 - 2 - (1 + 1)
2
Evaluate 5 + (-14 - ((-7 - -5) + 1)).
-8
What is 182 + -178 + 2 + -1 + 0?
5
5 - (4 + -2) - 6
-3
What is 5 - (0 - (-13 + 3))?
-5
Evaluate 0 + 2 + (10 + -19 - -4).
-3
What is the value of -9 + 4 + 3 + 2 + 0?
0
What is the value of (2 - -6) + (17 - 29)?
-4
What is -7 + (-2 + -5 - -3) + 6?
-5
Evaluate 7 - 15 - -8 - (3 - 1).
-2
-5 + -4 + 2 + -30 + 37
0
Evaluate 2 - (-4 + 4 + 7).
-5
What is 2 + 4 + -14 + (-1 - -4)?
-5
What is -4 - (-8 - (-5 + 0))?
-1
4 + -7 - -2 - (8 - 3)
-6
Evaluate 4 - (6 - -3 - 7).
2
-6 - (-6 + -4 + 9 - 2)
-3
Calculate -10 + -3 + 5 + 2.
-6
Calculate 8 - (4 + -10 + 15).
-1
What is -229 + 222 - ((-14 - 1) + 1)?
7
What is the value of 0 - -5 - (-1 - (-2 + -1))?
3
What is the value of (2 + 1 - -4) + 2 - 4?
5
What is (6 - 2) + 2 + -7?
-1
-8 + 0 + 8 + -1
-1
What is the value of 0 + -2 + 4 + 7 + -8?
1
What is 1 + -1 + (14 - 12)?
2
Evaluate -1 - 5 - (2 - (9 - 3)).
-2
Calculate 1 + -5 + 7 + -4.
-1
Evaluate -4 + 0 + (0 - (3 + -3)).
-4
0 - -1 - (-36 + 41)
-4
Calculate -1 + (8 - 7 - 5).
-5
-8 + -4 + 8 + 3
-1
What is the value of 1 + -5 - (-1 - (1 - -7))?
5
What is 2 + 0 + (-7 - (3 - 10))?
2
What is the value of 1 + 0 + (-7 - -6) + 0?
0
Evaluate (9 + 4 + -2 - 4) + -3.
4
What is -4 - (-18 + 16 - (0 - -1))?
-1
What is the value of (1 - (3 + 1)) + 3?
0
What is the value of 0 - -4 - (-5 + 4)?
5
-3 - 0 - (8 - 11)
0
-1 + 1 + (26 - (20 + 7))
-1
Evaluate (-2 - 1) + (2 - -3).
2
-1 - (7 - -1 - 11)
2
Evaluate 20 + -21 + (25 - 13).
11
-3 + 6 + 1 + -7
-3
What is the value of (1 - (4 - 2)) + -1?
-2
What is the value of -5 + (3 + 2 - 4) + 3?
-1
Calculate 0 - (-3 - -5) - (-3 - -2).
-1
Evaluate 24 + (0 - 12) - 18.
-6
Calculate 2 - ((19 - 17) + 0 + -2).
2
What is -6 - (-12 - (-14 + 6 + 2))?
0
What is 5 - -1 - (-6 - (2 - 16))?
-2
Calculate -2 + 0 - ((3 - 4) + 0).
-1
Calculate -6 + -1 - (-5 + 15 - 20).
3
Evaluate 5 + 4 + -6 + -1.
2
What is the value of (3 - 7) + 0 + (2 - -4)?
2
Calculate 1 - ((1 - 7) + (-5 - -12)).
0
What is the value of -4 + (1 - -5 - -4) + 1?
7
Evaluate -2 + (-1 - 2 - (-1 + 2)).
-6
Calculate (-16 - -16) + 6 + 2.
8
What is -3 + (3 - (9 + -5))?
-4
What is the value of -5 - -1 - (-3 + (6 - 9))?
2
What is 23 + -7 + -9 - 1?
6
What is 2 + 1 + -4 + -2 + -2?
-5
What is the value of 39 + -35 - (0 - (1 - 3))?
2
What is (-8 - -24 - 3) + -2 - 2?
9
0 + (-3 - (-3 + -3))